{"id":80,"date":"2012-10-24T19:54:12","date_gmt":"2012-10-24T19:54:12","guid":{"rendered":"http:\/\/www.koleje.szprotawa.org.pl\/test\/?page_id=80"},"modified":"2015-07-23T17:40:23","modified_gmt":"2015-07-23T17:40:23","slug":"leszno-gorne-stacja-osobowa-i-towarowa","status":"publish","type":"page","link":"http:\/\/www.koleje.szprotawa.org.pl\/test\/leszno-gorne-stacja-osobowa-i-towarowa\/","title":{"rendered":"Leszno G\u00f3rne &#8211; stacja osobowa i towarowa"},"content":{"rendered":"<p><center><img decoding=\"async\" src=\"http:\/\/koleje.szprotawa.org.pl\/theme\/default\/gfx\/p.gif\" alt=\"\" \/>\u00a0<a href=\"http:\/\/kolejzg.tmnet.pl\/topic,1,Leszno_Gorne,137,galeria.html\"><strong>Infrastruktura<\/strong><\/a>\u00a0<img decoding=\"async\" src=\"http:\/\/koleje.szprotawa.org.pl\/theme\/default\/gfx\/p.gif\" alt=\"\" \/>\u00a0<a href=\"http:\/\/kolejzg.tmnet.pl\/topic,1,Leszno_Gorne,65,galeria.html\"><strong>Ruch<\/strong><\/a>\u00a0<img decoding=\"async\" src=\"http:\/\/koleje.szprotawa.org.pl\/theme\/default\/gfx\/p.gif\" alt=\"\" \/>\u00a0<a href=\"http:\/\/www.koleje.szprotawa.org.pl\/test\/archiwalne-rozklady-jazdy\/\"><strong>Rozk\u0142ady jazdy<\/strong><\/a><\/center><\/p>\n<p style=\"text-align: justify;\">Stacja kolejowa Leszno G\u00f3rne le\u017cy przy linii nr 275 Wroc\u0142aw Muchob\u00f3r &#8211; Gubinek odcinek cz. Legnica &#8211; \u017baga\u0144, na 113 kilometrze od stacji Wroc\u0142aw G\u0142\u00f3wny. Stacja sk\u0142ada si\u0119 z dworca (do kt\u00f3rego jest przybudowany niewielki magazyn towarowy wraz z ramp\u0105), 2 peron\u00f3w osobowych, nastawni LG, tor\u00f3w bocznych (cz\u0119s\u0107 nieu\u017cywana). Ze stacji prowadzi\u0142y dwie bocznice kolejowe: pierwsza do Pstr\u0105\u017ca i Starej Olesznej w wojew\u00f3dztwie dolno\u015bl\u0105skim, kt\u00f3ra jest wykorzystywana przez wojsko, druga do Lubuskich Zak\u0142ad\u00f3w Garbarskich w Lesznie G\u00f3rnym (obecnie rozebrana). Stacja zosta\u0142a oddana do u\u017cytku w 1875 roku w zwi\u0105zku z budow\u0105 skr\u00f3towego odcinka Mi\u0142kowice &#8211; Jasie\u0144, budynek dworca jest wygl\u0105dem zbli\u017cony do dworc\u00f3w w Jasieniu, Bieniowie, Rokitkach, Goliszowie. W pazdzierniku 2005 rozebrano nastawni\u0119 LG, kt\u00f3ra ju\u017c wcze\u015bniej zosta\u0142a opuszczona przez PKP i stopniowo popada\u0142a w ruin\u0119. Od tego czasu mianem LG nazwano zachowan\u0105 nastawni\u0119. Poniewa\u017c znajduje si\u0119 ona we wschodniej cz\u0119\u015bci stacji, aby mo\u017cliwe by\u0142o sterowanie zwrotnicami w zachodniej cz\u0119\u015bci stacji zainstalowano kamery. Podobny los co nastawni\u0119 LG spotka\u0142 budynek niewielkiej lokomotywowni, kt\u00f3r\u0105 rozebrano na pocz\u0105tku 2006 roku. Budynek dworca jest nieczynny (jeszcze w 2001 roku kasa by\u0142a czynna), na g\u00f3rze znajduj\u0105 si\u0119 mieszkania, poczekalnia jest nieu\u017cywana. Cz\u0119\u015b\u0107 tor\u00f3w bocznicowych rdzewieje i nie jest u\u017cywana. Na prze\u0142omie roku 2003 &#8211; 2004 semafory zast\u0105piono sygnalizatorami \u015bwietlnymi.<\/p>\n<p><center><img decoding=\"async\" src=\"http:\/\/koleje.szprotawa.org.pl\/uploads\/images\/les01.jpg\" alt=\"\" \/><\/center><center><img decoding=\"async\" src=\"http:\/\/koleje.szprotawa.org.pl\/theme\/default\/gfx\/p.gif\" alt=\"\" \/>\u00a0<strong><a href=\"http:\/\/www.koleje.szprotawa.org.pl\/test\/linia-nr-275-wroclaw-muchobor-gubinek-odcinek-legnica-zagan\/\">Powr\u00f3t do odcinka Legnica &#8211; \u017baga\u0144<\/a><\/strong><\/center><\/p>\n<div><\/div>\n","protected":false},"excerpt":{"rendered":"<p>\u00a0Infrastruktura\u00a0\u00a0Ruch\u00a0\u00a0Rozk\u0142ady jazdy Stacja kolejowa Leszno G\u00f3rne le\u017cy przy linii nr 275 Wroc\u0142aw Muchob\u00f3r &#8211; Gubinek odcinek cz. Legnica &#8211; \u017baga\u0144, na 113 kilometrze od stacji Wroc\u0142aw G\u0142\u00f3wny. Stacja sk\u0142ada si\u0119 z dworca (do kt\u00f3rego jest przybudowany niewielki magazyn towarowy wraz z ramp\u0105), 2 peron\u00f3w osobowych, nastawni LG, tor\u00f3w bocznych (cz\u0119s\u0107 nieu\u017cywana). Ze stacji prowadzi\u0142y dwie &hellip; <a href=\"http:\/\/www.koleje.szprotawa.org.pl\/test\/leszno-gorne-stacja-osobowa-i-towarowa\/\" class=\"more-link\">Czytaj dalej <span class=\"screen-reader-text\">Leszno G\u00f3rne &#8211; stacja osobowa i towarowa<\/span><\/a><\/p>\n","protected":false},"author":1,"featured_media":0,"parent":0,"menu_order":0,"comment_status":"open","ping_status":"open","template":"","meta":[],"_links":{"self":[{"href":"http:\/\/www.koleje.szprotawa.org.pl\/test\/wp-json\/wp\/v2\/pages\/80"}],"collection":[{"href":"http:\/\/www.koleje.szprotawa.org.pl\/test\/wp-json\/wp\/v2\/pages"}],"about":[{"href":"http:\/\/www.koleje.szprotawa.org.pl\/test\/wp-json\/wp\/v2\/types\/page"}],"author":[{"embeddable":true,"href":"http:\/\/www.koleje.szprotawa.org.pl\/test\/wp-json\/wp\/v2\/users\/1"}],"replies":[{"embeddable":true,"href":"http:\/\/www.koleje.szprotawa.org.pl\/test\/wp-json\/wp\/v2\/comments?post=80"}],"version-history":[{"count":0,"href":"http:\/\/www.koleje.szprotawa.org.pl\/test\/wp-json\/wp\/v2\/pages\/80\/revisions"}],"wp:attachment":[{"href":"http:\/\/www.koleje.szprotawa.org.pl\/test\/wp-json\/wp\/v2\/media?parent=80"}],"curies":[{"name":"wp","href":"https:\/\/api.w.org\/{rel}","templated":true}]}}