{"id":154,"date":"2012-11-02T20:42:22","date_gmt":"2012-11-02T20:42:22","guid":{"rendered":"http:\/\/www.koleje.szprotawa.org.pl\/test\/?page_id=154"},"modified":"2012-11-02T20:42:22","modified_gmt":"2012-11-02T20:42:22","slug":"bilety","status":"publish","type":"page","link":"http:\/\/www.koleje.szprotawa.org.pl\/test\/bilety\/","title":{"rendered":"Bilety"},"content":{"rendered":"<p>Poni\u017cej kilka skan\u00f3w bilet\u00f3w kolejowych, tych na liniach istniej\u0105cych jak i nieistniej\u0105cych:<\/p>\n<p><center><br \/>\n<img decoding=\"async\" src=\"http:\/\/koleje.szprotawa.org.pl\/uploads\/images\/miesieczny1.jpg\" alt=\"\" \/><br \/>\nBilet miesi\u0119czny na tras\u0119 \u017baga\u0144 &#8211; Szprotawa wystawiony w Szprotawie<\/p>\n<p><img decoding=\"async\" src=\"http:\/\/koleje.szprotawa.org.pl\/uploads\/images\/miesieczny2.jpg\" alt=\"\" \/><br \/>\nBilet miesi\u0119czny na tras\u0119 \u017baga\u0144 &#8211; Szprotawa wystawiony w Szprotawie, miejsce na wklejanie znaczk\u00f3w<\/p>\n<p><img decoding=\"async\" src=\"http:\/\/koleje.szprotawa.org.pl\/uploads\/images\/miesieczny3.jpg\" alt=\"\" \/><br \/>\nWk\u0142adka do biletu, wa\u017cna tylko z nim<\/p>\n<p><img decoding=\"async\" src=\"http:\/\/koleje.szprotawa.org.pl\/uploads\/images\/bilet1.jpg\" alt=\"\" \/><br \/>\nW 2000 roku mo\u017cna by\u0142o dojecha\u0107 kolej\u0105 z Wroc\u0142awia do Szprotawy, umo\u017cliwia\u0142a to przesiadka w \u017baganiu z poci\u0105gu Wroc\u0142aw &#8211; \u017bary na poci\u0105g Forst &#8211; Leszno<\/p>\n<p><img decoding=\"async\" src=\"http:\/\/koleje.szprotawa.org.pl\/uploads\/images\/bilet3.jpg\" alt=\"\" \/><br \/>\nBilet na poci\u0105g z Warszawy do Szprotawy przesiadki Wroc\u0142aw, \u017baga\u0144<\/p>\n<p><img decoding=\"async\" src=\"http:\/\/koleje.szprotawa.org.pl\/uploads\/images\/bilet5.jpg\" alt=\"\" \/><br \/>\nBilet na poci\u0105g pospieszny z Ma\u0142omic do Wroc\u0142awia wystawione w zamkni\u0119tej obecnie kasie w Ma\u0142omicach napisy ze wzgl\u0119du na ma\u0142\u0105 czytelno\u015b\u0107 zosta\u0142y poprawione<\/p>\n<p><img decoding=\"async\" src=\"http:\/\/koleje.szprotawa.org.pl\/uploads\/images\/wypisany.jpg\" alt=\"\" \/><br \/>\nBilet blankietowy na po\u0142\u0105czenie osobowe Ma\u0142omice &#8211; Brzeg (woj. opolskie)<\/center><\/p>\n","protected":false},"excerpt":{"rendered":"<p>Poni\u017cej kilka skan\u00f3w bilet\u00f3w kolejowych, tych na liniach istniej\u0105cych jak i nieistniej\u0105cych: Bilet miesi\u0119czny na tras\u0119 \u017baga\u0144 &#8211; Szprotawa wystawiony w Szprotawie Bilet miesi\u0119czny na tras\u0119 \u017baga\u0144 &#8211; Szprotawa wystawiony w Szprotawie, miejsce na wklejanie znaczk\u00f3w Wk\u0142adka do biletu, wa\u017cna tylko z nim W 2000 roku mo\u017cna by\u0142o dojecha\u0107 kolej\u0105 z Wroc\u0142awia do Szprotawy, umo\u017cliwia\u0142a &hellip; <a href=\"http:\/\/www.koleje.szprotawa.org.pl\/test\/bilety\/\" class=\"more-link\">Czytaj dalej <span class=\"screen-reader-text\">Bilety<\/span><\/a><\/p>\n","protected":false},"author":1,"featured_media":0,"parent":0,"menu_order":0,"comment_status":"open","ping_status":"open","template":"","meta":[],"_links":{"self":[{"href":"http:\/\/www.koleje.szprotawa.org.pl\/test\/wp-json\/wp\/v2\/pages\/154"}],"collection":[{"href":"http:\/\/www.koleje.szprotawa.org.pl\/test\/wp-json\/wp\/v2\/pages"}],"about":[{"href":"http:\/\/www.koleje.szprotawa.org.pl\/test\/wp-json\/wp\/v2\/types\/page"}],"author":[{"embeddable":true,"href":"http:\/\/www.koleje.szprotawa.org.pl\/test\/wp-json\/wp\/v2\/users\/1"}],"replies":[{"embeddable":true,"href":"http:\/\/www.koleje.szprotawa.org.pl\/test\/wp-json\/wp\/v2\/comments?post=154"}],"version-history":[{"count":0,"href":"http:\/\/www.koleje.szprotawa.org.pl\/test\/wp-json\/wp\/v2\/pages\/154\/revisions"}],"wp:attachment":[{"href":"http:\/\/www.koleje.szprotawa.org.pl\/test\/wp-json\/wp\/v2\/media?parent=154"}],"curies":[{"name":"wp","href":"https:\/\/api.w.org\/{rel}","templated":true}]}}